{"id":18,"date":"2015-12-20T14:03:40","date_gmt":"2015-12-20T13:03:40","guid":{"rendered":"http:\/\/masterton.mecreant.org\/?page_id=18"},"modified":"2025-02-26T09:59:13","modified_gmt":"2025-02-26T08:59:13","slug":"reglement","status":"publish","type":"page","link":"https:\/\/masterton.noosfere.org\/index.php\/reglement\/","title":{"rendered":"R\u00e8glement"},"content":{"rendered":"<p><span style=\"color: #ff0000;\"><strong>P\u00e9riodicit\u00e9<\/strong><\/span><\/p>\n<p>Le Prix Masterton concerne les romans parus <strong>entre le 1er janvier et le 31 d\u00e9cembre<\/strong> de l\u2019ann\u00e9e civile. La date dans les premi\u00e8res pages du livre fait foi.<\/p>\n<p><span style=\"color: #ff0000;\"><strong>Crit\u00e8res<\/strong><\/span><\/p>\n<p>Entre en compte<strong>\u00a0tout premier tome d\u2019une \u0153uvre in\u00e9dite en fran\u00e7ais<\/strong>\u00a0relevant de la litt\u00e9rature fantastique au sens large (fantastique, horreur, terreur,&#8230;).<\/p>\n<p>Les cat\u00e9gories concern\u00e9es sont\u00a0:<\/p>\n<ul>\n<li>roman francophone<\/li>\n<li>roman traduit<\/li>\n<li>nouvelle ou recueil de nouvelles<\/li>\n<\/ul>\n<p><span style=\"color: #ff0000;\"><strong>Fonctionnement<\/strong><\/span><\/p>\n<p>Tout au long de l\u2019ann\u00e9e, les membres du jury communiquent entre eux, via un document mis \u00e0 leur disposition, les titres ayant retenu leur attention avec une cote exprim\u00e9e sur 100.<\/p>\n<p>Un jur\u00e9 peut signaler autant de titres qu\u2019il le souhaite, \u00e0 n\u2019importe quel moment de l\u2019ann\u00e9e tant que l\u2019ouvrage respecte la p\u00e9riodicit\u00e9 et les crit\u00e8res. Les titres parus en fin d\u2019ann\u00e9e peuvent \u00eatre communiqu\u00e9s jusque fin janvier.<\/p>\n<p>Tout au long de l\u2019ann\u00e9e, avec un rappel en septembre, les autres jur\u00e9s sont invit\u00e9s \u00e0 lire les romans mis en \u00e9vidence et \u00e0 communiquer, au secr\u00e9tariat du prix, leur note sur 100.<\/p>\n<p><span style=\"color: #ff0000;\"><strong>S\u00e9lection<\/strong><\/span><\/p>\n<p>La pr\u00e9s\u00e9lection comprend tous les romans lus par au moins la moiti\u00e9 des jur\u00e9s et qui ont obtenu une moyenne sup\u00e9rieure \u00e0 70\/100. Cette \u00e9tape commence au 1<sup>er<\/sup> janvier de l\u2019ann\u00e9e civile suivante et s\u2019arr\u00eate mi-mars.<\/p>\n<p>En avril, les moyennes des cotes sont arr\u00eat\u00e9es et <strong>les ouvrages avec la meilleure moyenne par cat\u00e9gorie sont annonc\u00e9s gagnants vers le 15.<\/strong><\/p>\n<p><span style=\"color: #ff0000;\"><strong>Remarques<\/strong><\/span><\/p>\n<p>Ce prix, comme la plupart des autres prix litt\u00e9raires, est une s\u00e9lection subjective assum\u00e9e par les membres du jury. Le vote reste secret et ne sera pas communiqu\u00e9.<\/p>\n<p><strong>Les \u00e9diteurs et auteurs peuvent proposer leurs ouvrages en vue de<\/strong> <strong>s\u00e9lection<\/strong> mais le jury reste souverain dans ses choix.<\/p>\n<p>Pour contacter le jury : prixmasterton(at)skynet.be<\/p>\n\n\n<p><\/p>\n","protected":false},"excerpt":{"rendered":"<p>P\u00e9riodicit\u00e9 Le Prix Masterton concerne les romans parus entre le 1er janvier et le 31 d\u00e9cembre de l\u2019ann\u00e9e civile. La date dans les premi\u00e8res pages du livre fait foi. Crit\u00e8res Entre en compte\u00a0tout premier tome d\u2019une \u0153uvre in\u00e9dite en fran\u00e7ais\u00a0relevant &hellip; <a href=\"https:\/\/masterton.noosfere.org\/index.php\/reglement\/\">Continuer la lecture <span class=\"meta-nav\">&rarr;<\/span><\/a><\/p>\n","protected":false},"author":1,"featured_media":0,"parent":0,"menu_order":0,"comment_status":"closed","ping_status":"closed","template":"","meta":{"footnotes":""},"class_list":["post-18","page","type-page","status-publish","hentry"],"_links":{"self":[{"href":"https:\/\/masterton.noosfere.org\/index.php\/wp-json\/wp\/v2\/pages\/18","targetHints":{"allow":["GET"]}}],"collection":[{"href":"https:\/\/masterton.noosfere.org\/index.php\/wp-json\/wp\/v2\/pages"}],"about":[{"href":"https:\/\/masterton.noosfere.org\/index.php\/wp-json\/wp\/v2\/types\/page"}],"author":[{"embeddable":true,"href":"https:\/\/masterton.noosfere.org\/index.php\/wp-json\/wp\/v2\/users\/1"}],"replies":[{"embeddable":true,"href":"https:\/\/masterton.noosfere.org\/index.php\/wp-json\/wp\/v2\/comments?post=18"}],"version-history":[{"count":14,"href":"https:\/\/masterton.noosfere.org\/index.php\/wp-json\/wp\/v2\/pages\/18\/revisions"}],"predecessor-version":[{"id":559,"href":"https:\/\/masterton.noosfere.org\/index.php\/wp-json\/wp\/v2\/pages\/18\/revisions\/559"}],"wp:attachment":[{"href":"https:\/\/masterton.noosfere.org\/index.php\/wp-json\/wp\/v2\/media?parent=18"}],"curies":[{"name":"wp","href":"https:\/\/api.w.org\/{rel}","templated":true}]}}